, t = -2*k + 4*k + 624. Let h be 276/(-120)*-35*6. Let w = h + k. What is the units digit of w?
0
Let i(z) be the third derivative of z**6/120 + 3*z**5/20 - z**4/2 - 4*z**3/3 + 10*z**2. Let p be i(-10). Suppose 540 = -0*t + p*t. What is the tens digit of t?
4
Let u = -15 - -20. Let i(s) = 3*s**2 - 15*s + 8. Let l be i(u). What is the units digit of l*4/(-2)*(-34)/8?
8
What is the tens digit of 1500/(30/(-1995)*-19)?
5
Let u(b) = -72*b - 18. Let y = 53 - 52. Let g be (12/(-36))/(y/(-4))*-3. What is the units digit of u(g)?
0
Let q(p) = p**2 + 5*p + 8. Let k be q(-4). Suppose u - k*u + 5*f + 11 = 0, -u + 6 = -4*f. What is the hundreds digit of (14 - 11) + u + 158?
1
Suppose 2*c = -10*m + 27804 + 128348, c = 6. What is the thousands digit of m?
5
Suppose -6*h + 72 = 66. What is the units digit of (-36)/48*(-236)/h?
7
Let j = -271 - -178. Let t = -89 - j. Suppose -5*g + t*g + h = -180, -4 = 4*h. What is the units digit of g?
9
Suppose -14*n = -19*n + 45. Let j(i) = -i**3 + 9*i**2 + 12*i + 12. Let q be j(n). Let a = q - 29. What is the units digit of a?
1
Let y = -616 - -14099. What is the tens digit of y?
8
Let f(s) be the first derivative of -49*s**2/2 + 2*s + 1358. Let u(h) = -2*h**2 + h. Let a be u(1). What is the units digit of f(a)?
1
What is the hundreds digit of -28584*(-2*78/24 - -4) - -9?
4
Suppose -3*c + n = -1259, -3*c + 3*n + 830 = -c. Suppose -2*m - c + 1763 = 0. Suppose -m - 153 = -4*o. What is the units digit of o?
6
Suppose 160*r - 316*r + 168*r = 101976. What is the tens digit of r?
9
Let b(q) be the third derivative of -q**6/120 + 4*q**5/15 + 19*q**4/24 - 11*q**3/3 + 77*q**2. Suppose -16 = -10*j + 9*j. What is the units digit of b(j)?
2
Suppose 0 = 4*s - 3*y + 129, 2*y - 45 = 2*s + 21. Let u(m) = -5*m - 89. What is the units digit of u(s)?
1
Suppose -2*n = -5*o + 5642, 21*o - 17*o - n - 4516 = 0. What is the thousands digit of o?
1
Suppose -22*s = -38*s - 53*s + 630246. What is the tens digit of s?
3
Suppose -27 = -2*i - z + 53, 4*i - 160 = -5*z. Let v be 30/i + 2186/8. Let d = v + -177. What is the tens digit of d?
9
Let o = 401 + -671. Let l = 411 - o. What is the tens digit of l?
8
Suppose -3*b = d - 34146, 2*b = 5*d + 7723 + 14990. What is the ten thousands digit of b?
1
Let w(j) = -30*j + 117. Let c be w(4). What is the units digit of (c*116)/((-99)/66)?
2
Let l = 936 - 59. Suppose -3*c + l = -641. What is the units digit of c?
6
Let v be -1*(-23)/7 - 208/728. What is the tens digit of 11680/130 + v + (-74)/26?
9
Let l(y) = y. Let m(q) = 2*q - 2. Let b(r) = -l(r) + m(r). Let g be b(7). Suppose j - 153 = -2*s + 4*j, 0 = g*s + 3*j - 435. What is the units digit of s?
4
Suppose -q - 3*q + 8 = 5*f, 5*f = 3*q + 29. Suppose -3*s + 3*d + 1365 = 0, f*d - 6*d - 457 = -s. What is the hundreds digit of s?
4
Suppose 0 = 3*z + 3*t - 1854, z - 4*t - 823 = -180. Suppose 3*i - 5*y = z + 93, 734 = 3*i + 4*y. What is the tens digit of i?
4
Let n(l) be the first derivative of 5*l**3/3 - 7*l**2/2 + 17. Let u be n(5). Let i = u - 19. What is the tens digit of i?
7
Suppose -35*i - 50*i + 470448 = -69*i. What is the tens digit of i?
0
Let j be 119/(8 - 0 - 7). Suppose 3451 = 5*s - j. What is the hundreds digit of s?
7
Let m = -100096 + 151715. What is the ten thousands digit of m?
5
Let f be 78/21 - ((-2)/7 + 0). Suppose 51*l + f = 52*l. What is the tens digit of (-18)/(-24) + 821/l?
0
Suppose -5*m + 25 = 0, -2*m = -16*v + 18*v - 13346. What is the units digit of v?
8
Suppose 0 = -3*g + 2746 - 745. What is the tens digit of g?
6
Let q be (8 + -3)/(9/(-2) + 5). Suppose -q*u + 3207 = 587. What is the hundreds digit of u?
2
Let c(f) = 19*f**2 + 36*f + 51. Let u be c(-9). Suppose -11*b + 538 = -u. What is the tens digit of b?
6
Suppose -592 = 5*d - 5*k - 83192, 0 = 4*d - 2*k - 66080. What is the tens digit of d?
2
Let l(o) = o**3 - 4*o**2 - 5*o - 8. Let j be l(6). Let h be -9*(-11)/(-33)*-58. Suppose 7*b - h = -j. What is the tens digit of b?
2
Let c(x) = 2*x + 21. Suppose 0 = 8*m + 2*m. Let y(v) = -2*v - 4. Let j be y(m). What is the units digit of c(j)?
3
Suppose 3*b + 288 = 3*v, 0*v = -4*v - 5*b + 357. Let g = v + 17. What is the hundreds digit of g?
1
Suppose 2162 = 2*d + 2*z, -4299 = -4*d + 4*z - 3*z. Suppose 0*c + d = 4*c. Let k = 450 - c. What is the hundreds digit of k?
1
Let i = 62197 + -36523. What is the thousands digit of i?
5
Suppose 0 = -7*r + 8*r - 1110. Suppose -r = -7*g + 12*g. Let i = g + 354. What is the units digit of i?
2
Let s = -9616 + 21014. What is the ten thousands digit of s?
1
Suppose 5 = d - 5*p - 0, -4*p - 25 = -5*d. Suppose -2*x + 1478 = s + 4*s, 4*x + 1484 = d*s. What is the hundreds digit of s?
2
Suppose -2009*n + 40 = -2001*n. Let q(b) = 4*b**2 - 3*b - 5. Let d be q(-5). Suppose -n*x - 2*i = -900, -x = -i - d - 77. What is the tens digit of x?
8
Suppose -19*y = -5*y - 42. Let h(p) = 17*p**2 - 9*p + 13. What is the hundreds digit of h(y)?
1
Let i be 5 - 7 - (-21322 - 4). Suppose -6*g + i = 6*g. What is the hundreds digit of g?
7
Let g = -24 - -107. Let q = 86 - g. Suppose -2*t + 3*t - q = 0. What is the units digit of t?
3
Let m(g) = 3*g**2 - 5*g - 19. Let y be m(-2). Suppose 2 = 2*l, -5*t + 4*l = -t + 4. What is the tens digit of t - (y + 2) - -115?
1
Let a = -38 - -23. Let m(o) = -o**2 - 14*o. Let w be m(a). What is the units digit of 156/w*225/(-18)?
0
Let c(u) = 7*u + 4*u**2 - u**2 - 6 - 2*u**2 - u. Let x be c(-6). Let f = 26 + x. What is the tens digit of f?
2
Suppose 2*k = -3*o + 5900, 4*o - o - 5908 = 2*k. Suppose 15*n - 7*n = o. Suppose 7*g = 237 + n. What is the units digit of g?
9
Let i(d) be the second derivative of 15*d**4 - 14*d**3/3 - 29*d**2/2 + 155*d. What is the tens digit of i(-1)?
7
Suppose 0 = 23*n + 665 + 278. Let k be 2*-1 - (4 + 121). Let q = n - k. What is the units digit of q?
6
Let i be 1/3 - 6936/72. Let x = i + 94. What is the tens digit of (87 - (x - 2)) + -2?
8
Let t(s) = -4*s**3 + 6*s**2 + 7*s - 23. Let u(m) = -m**3 - m**2 - 2*m + 1. Let k(p) = t(p) + 6*u(p). What is the hundreds digit of k(-5)?
2
Suppose 4*k + 6*n - 771 = n, 0 = k - 4*n - 198. Let v = k - 121. What is the tens digit of v?
7
Let l be (0 + 2)/(-1) + 229 + 1. Suppose 0 = 2*a + l - 1048. What is the tens digit of a?
1
Suppose 0 = -8*t + 3*g + 94112, -4*g - 34 = -34. What is the tens digit of t?
6
Let m be ((-544)/(-5))/((6/15)/2). Suppose -549*v = -m*v - 825. What is the tens digit of v?
6
Let f(o) = -5*o - 28. Let t be f(-6). Suppose -t*w - 4*n - 2 = 0, -n = 2*w - 2 - 2. Suppose -w*q + 164 = 5*j, 0*j + 4*j - 4 = 0. What is the tens digit of q?
5
Let n(w) = w**3 - w**2 + w + 2. Let z be n(0). Suppose z*v = 31 - 21. Suppose -7*s - 189 = -2*o - 2*s, -v*s + 246 = 3*o. What is the units digit of o?
7
Suppose 5*l = 4*k - 26670, 14*k - 13320 = 12*k - 5*l. What is the hundreds digit of k?
6
Let h be ((-1436)/1)/(44/220). What is the units digit of (h/(-35))/((-7)/(147/(-6)))?
8
Suppose -3*r + 2 = -3*g - 7, 0 = 5*r - 3*g - 13. Suppose -r*s = 3*m + 161 - 516, 4*m - s - 466 = 0. What is the units digit of m?
7
Suppose -2*b = 2*r - 25518, -b + 10152 = -3*r - 2591. What is the hundreds digit of b?
7
Let t be 312/108 + (-2)/(-18). Suppose -t*l = l, 16 = 4*m - 5*l. Suppose -2*a - 134 = -4*r - 4*a, -m*r + 99 = -5*a. What is the units digit of r?
1
Suppose 4*q - 3095 = -2*x + 30113, 0 = 2*x + 8. What is the thousands digit of q?
8
Suppose -26*c + 100*c = 53*c + 8715. What is the tens digit of c?
1
Let u = 618 + -308. Let h = u + 128. What is the tens digit of h?
3
What is the units digit of 265112/36 + 56/(-252)?
4
What is the units digit of ((-53627542)/(-6260))/((-2)/(-20))?
7
Suppose -7*f + 16*f = -279. Let z = 326 + f. What is the tens digit of z?
9
Suppose 0 = -2*s - 2*t + 60, 63 = 2*s + t + 4*t. Suppose -s*d = -26*d - 15. Suppose 0 = d*m - 5*z - 260, 0*z = -2*m + z + 105. What is the tens digit of m?
5
Suppose -6239 + 44725 = 2*x - 9138. What is the hundreds digit of x?
8
Let c(p) = -10*p + 108. Suppose 0 = 5*t + 3*t + 216. What is the units digit of c(t)?
8
Let v(h) = h**2 + 12*h + 11. Let z be v(-10). Let g = z - -7. What is the units digit of (-2994)/(-36) - g/(-12)?
3
Let u(h) = -h**2. Let p be u(-1). Let x(m) = 91*m**2 + m + 10. Let o(g) = 91*g**2 + 2*g + 13. Let l(n) = -4*o(n) + 5*x(n). What is the units digit of l(p)?
2
Le